{"id":226,"date":"2017-08-31T17:59:46","date_gmt":"2017-08-31T15:59:46","guid":{"rendered":"http:\/\/www.atcrm1.it\/wp\/?page_id=226"},"modified":"2025-10-28T17:08:20","modified_gmt":"2025-10-28T16:08:20","slug":"contatti","status":"publish","type":"page","link":"https:\/\/idratools.org\/atcrm1\/contatti\/","title":{"rendered":"Contatti"},"content":{"rendered":"<h3>SEDE<\/h3>\n<p><em><strong>Viale Ratto delle Sabine 45, 00131 Roma\u00a0 <\/strong><\/em><\/p>\n<p><strong>tel: <a href=\"tel:0641290266\">06\/41290266<\/a><\/strong><\/p>\n<p><strong>e.mail: <a href=\"mailto:info@atcrm1.it\">info@atcrm1.it<\/a><br \/><\/strong><\/p>\n<p><strong>PEC: <a href=\"mailto:atcrm1@pec.it\">atcrm1@pec.it<\/a><br \/><\/strong><\/p>\n<p style=\"text-align: justify;\">L\u2019ufficio dell\u2019<span class=\"atcrm1\">ATC Rm1<\/span> \u00e8 <strong>aperto<\/strong> al pubblico (sportello e telefono) nei giorni <strong>marted\u00ec<\/strong> e <strong>gioved\u00ec<\/strong> <strong>dalle ore 9 alle ore 13 e dalle ore 14 alle ore 16<\/strong>.<\/p>\n\n\n<div style=\"height:20px\" aria-hidden=\"true\" class=\"wp-block-spacer\"><\/div>\n\n\n<div style=\"height:400pxpx;\" class=\"wp-block-themeisle-blocks-leaflet-map\" id=\"wp-block-themeisle-blocks-leaflet-map-39d6f696\"><\/div>\n<script type=\"text\/javascript\">\n\t\/* <![CDATA[ *\/\n\t\tif ( ! window.themeisleLeafletMaps ) window.themeisleLeafletMaps =[];\n\t\twindow.themeisleLeafletMaps.push( { container: \"wp-block-themeisle-blocks-leaflet-map-39d6f696\", attributes: {\"id\":\"wp-block-themeisle-blocks-leaflet-map-39d6f696\",\"location\":\"Viale Ratto delle Sabine 45, 00131 Roma  \",\"latitude\":\"41.945025442406326\",\"longitude\":\"12.600569203519864\",\"bbox\":\"12.582993507385256,41.938647756591344,12.618141174316406,41.951415696832136\",\"zoom\":15,\"markers\":[{\"id\":\"77fe4bc4-0ec4-4c8f-b872-8226234043f7\",\"latitude\":41.945025442406326,\"longitude\":12.600569203519864,\"title\":\"ATC Rm1\",\"description\":\"<p>Viale Ratto delle Sabine 45, 00131 Roma<\\\/p>\"}],\"height\":\"400px\",\"zoomControl\":true,\"draggable\":true,\"hasCustomCSS\":false,\"customCSS\":\"\",\"otterConditions\":[]} } );\n\t\/* ]]> *\/\n<\/script>\n","protected":false},"excerpt":{"rendered":"<p>SEDE Viale Ratto delle Sabine 45, 00131 Roma\u00a0 tel: 06\/41290266 e.mail: info@atcrm1.it PEC: atcrm1@pec.it L\u2019ufficio dell\u2019 \u00e8 aperto al pubblico (sportello e telefono) nei giorni marted\u00ec e gioved\u00ec dalle ore 9 alle ore 13 e dalle ore 14 alle ore 16.<\/p>\n","protected":false},"author":2,"featured_media":4835,"parent":0,"menu_order":0,"comment_status":"closed","ping_status":"closed","template":"","meta":{"neve_meta_sidebar":"","neve_meta_container":"","neve_meta_enable_content_width":"off","neve_meta_content_width":100,"neve_meta_title_alignment":"","neve_meta_author_avatar":"","neve_post_elements_order":"","neve_meta_disable_header":"","neve_meta_disable_footer":"","neve_meta_disable_title":"","_themeisle_gutenberg_block_has_review":false,"footnotes":""},"categories":[],"tags":[],"class_list":["post-226","page","type-page","status-publish","has-post-thumbnail","hentry"],"_links":{"self":[{"href":"https:\/\/idratools.org\/atcrm1\/wp-json\/wp\/v2\/pages\/226","targetHints":{"allow":["GET"]}}],"collection":[{"href":"https:\/\/idratools.org\/atcrm1\/wp-json\/wp\/v2\/pages"}],"about":[{"href":"https:\/\/idratools.org\/atcrm1\/wp-json\/wp\/v2\/types\/page"}],"author":[{"embeddable":true,"href":"https:\/\/idratools.org\/atcrm1\/wp-json\/wp\/v2\/users\/2"}],"replies":[{"embeddable":true,"href":"https:\/\/idratools.org\/atcrm1\/wp-json\/wp\/v2\/comments?post=226"}],"version-history":[{"count":22,"href":"https:\/\/idratools.org\/atcrm1\/wp-json\/wp\/v2\/pages\/226\/revisions"}],"predecessor-version":[{"id":4877,"href":"https:\/\/idratools.org\/atcrm1\/wp-json\/wp\/v2\/pages\/226\/revisions\/4877"}],"wp:featuredmedia":[{"embeddable":true,"href":"https:\/\/idratools.org\/atcrm1\/wp-json\/wp\/v2\/media\/4835"}],"wp:attachment":[{"href":"https:\/\/idratools.org\/atcrm1\/wp-json\/wp\/v2\/media?parent=226"}],"wp:term":[{"taxonomy":"category","embeddable":true,"href":"https:\/\/idratools.org\/atcrm1\/wp-json\/wp\/v2\/categories?post=226"},{"taxonomy":"post_tag","embeddable":true,"href":"https:\/\/idratools.org\/atcrm1\/wp-json\/wp\/v2\/tags?post=226"}],"curies":[{"name":"wp","href":"https:\/\/api.w.org\/{rel}","templated":true}]}}